Suppose n*u - 108 = 2*u. What is the remainder when u is divided by 7?
6
Let m(b) = b**2 - 3*b - 2. Suppose 2*u - 103 = 3*v, -6*v = -5*u - v + 265. Let s = u - 25. Calculate the remainder when s is divided by m(5).
7
Let j = 66 + -39. Suppose 5*g + j = 8*g. Calculate the remainder when g is divided by 4.
1
Let u = 24 - 102. Suppose -4*n + 7*n - 73 = -r, 2*r = -5*n + 122. Calculate the remainder when n is divided by (4/6)/((-4)/u).
11
Calculate the remainder when 414/10 - (-10)/(-25) is divided by 6.
5
Let n be 2*-1*(-3)/(-2). What is the remainder when 58/(-4*n/6) is divided by 15?
14
What is the remainder when 40 is divided by 168/(-40)*(-10)/2?
19
Let b(u) = u**3 + 11*u**2 + 10*u + 12. What is the remainder when 44 is divided by b(-10)?
8
Let y = -38 - -88. Suppose q + q - y = 0. Calculate the remainder when q is divided by 7.
4
Let g be 1/4 - (-14)/8. Let k(o) = 3*o**3 - 2*o**2 - o + 1. Let c(j) = -j**3 - 15*j**2 - 16*j + 15. What is the remainder when c(-14) is divided by k(g)?
13
Let u be (-2)/(-3) - (-76)/3. Suppose -2*y + u = 4. Calculate the remainder when 32 is divided by y.
10
Suppose -3*r + 114 = 3*r. What is the remainder when 34 is divided by r?
15
Let f = -26 + 9. Let m = f + 51. What is the remainder when m is divided by -9*(7/(-3) - -1)?
10
Let i = 2 - -8. What is the remainder when 48 is divided by i?
8
Let b = 5 + -1. Suppose -3*w + 54 = 3*n - 5*w, b*n - 72 = 3*w. Calculate the remainder when n is divided by 10.
8
Let v be (-2)/4 - (-5)/10. Suppose v = -0*u + 5*u - 100. Calculate the remainder when u is divided by 4/6 - 31/(-3).
9
Let d = 4 + -3. Calculate the remainder when -1 - d - (6 + -26) is divided by 10.
8
Suppose -o + 19 + 51 = 0. What is the remainder when o is divided by 18?
16
Let u(v) be the first derivative of 5*v**3/3 + v**2 - v - 8. What is the remainder when u(2) is divided by 13?
10
Suppose -4 + 20 = -4*l. Calculate the remainder when l/(-16) + (-201)/(-12) is divided by 9.
8
Suppose 5*o - 462 = 3*f, -2*o + 2*f = -f - 183. Suppose -u - 2*x + 132 = 2*u, 3*x = -2*u + o. What is the remainder when u is divided by 15?
12
Let l(v) = -v + 1. Let d be l(1). Suppose 0 = 2*r - d*r - 5*w - 41, 4*w + 76 = 4*r. Calculate the remainder when r is divided by 10.
8
Let d(o) = -o**3 + 2*o**2 + 2*o + 1. Let c be d(-1). Suppose -5*s + 75 = -c*s. What is the remainder when s is divided by 9?
7
Let y = -9 + 14. What is the remainder when 6 is divided by y?
1
Let s(b) = 17*b - 17. Let n be s(14). Suppose -5*k - 4*u + n = -2*u, -4*u = -2*k + 98. Calculate the remainder when k is divided by 16.
13
Let a(w) = -w**3 + 11*w**2 - 10*w - 6. Let u be a(10). Let o(s) = -s - 2. What is the remainder when 6 is divided by o(u)?
2
Calculate the remainder when 83 is divided by (51/(-6))/((-2)/4).
15
Let n = 5 + -2. Suppose -n = -3*c, -2*z + 5*c + 39 = 2*c. Let r = -24 + 35. What is the remainder when z is divided by r?
10
Let d be 22/(-10) + (-2)/(-10). Let o = 38 - 33. What is the remainder when (d/2)/1 + 9 is divided by o?
3
Let z(x) = -4*x - 1. Let r(g) = g**3 + 12*g**2 - 12*g + 24. Calculate the remainder when z(-8) is divided by r(-13).
9
Suppose -8*u + 2*u = -78. What is the remainder when 50 is divided by u?
11
Let h(i) be the first derivative of i**4/4 + 3*i**2/2 + i + 1. Calculate the remainder when h(3) is divided by 18/(-42) + (-136)/(-7).
18
Let a(m) = -5*m - 1 - m**2 + 3 + 5. Let w be a(-6). Let j = w + 0. What is the remainder when j is divided by 1?
0
Let f(v) = -v**3 - 9*v**2 - 2*v - 1. Let m(q) = 2*q**3 + 17*q**2 + 3*q + 3. Let w(i) = 7*f(i) + 4*m(i). What is the remainder when w(-4) is divided by 8?
5
Suppose 0*d + 11 = i + 4*d, 3*i = 3*d + 3. What is the remainder when 9 is divided by i?
0
Suppose -m = 1 - 4. Calculate the remainder when (-10)/(-3)*(-12)/(-5) is divided by m.
2
Suppose 56 + 260 = 2*v. Calculate the remainder when v is divided by 32.
30
Suppose -3*x = -0*x + 4*z - 65, x = -4*z + 19. What is the remainder when 114 is divided by x?
22
Let m = 158 + -149. What is the remainder when 53 is divided by m?
8
Suppose 0*r - 3*r = 4*y - 37, 0 = -3*r - 5*y + 41. Calculate the remainder when 20 is divided by r.
6
Suppose -u - 21 = 2*u. Let s(y) = -y**3 - 7*y**2 - 2*y. What is the remainder when s(u) is divided by 5?
4
What is the remainder when 40 is divided by 27/9 + 11/1?
12
Let s(o) = o**3 - o**2 + o - 1. Suppose -2*g = 3*l - 6, 12 = 4*l + 2*g + 2*g. Let c = l + 14. Calculate the remainder when c is divided by s(2).
4
Suppose 5*b = 3*m + 366, -7*m - 210 = -3*b - 2*m. Suppose 0 = -4*z - 23 + b. Let w = 2 + 3. What is the remainder when z is divided by w?
3
Calculate the remainder when -2*(1 + 62/(-4)) is divided by 8.
5
Let f(u) = -8*u - 24. Let d(q) = -3*q - 8. Let l(o) = 11*d(o) - 4*f(o). Calculate the remainder when l(-10) is divided by 5.
3
Let k = 81 + -47. Calculate the remainder when k is divided by 12.
10
Suppose -q + 0*q + 7 = 0. Suppose 0 = -3*x + t + q + 7, -18 = -4*x + t. Calculate the remainder when x is divided by (3 - 4) + 4*1.
1
Let f(x) = -x**2 + 7*x - 1. Calculate the remainder when 38 is divided by f(4).
5
Let t(u) = -2*u + 4. Let y be t(6). Calculate the remainder when 14 is divided by (-3)/2*y/3.
2
Let v(q) = -10*q + 5. Let j be v(12). Let a = -54 - j. What is the remainder when a is divided by 21?
19
Suppose 3*c - 300 = r - 92, c - r = 72. Let n = c + -43. Let i = 0 + n. What is the remainder when i is divided by 14?
11
Suppose 4*z - 52 + 0 = 0. Let v = z + -10. What is the remainder when 5 is divided by v?
2
Suppose 18 = 3*r + 6. Suppose -r*u - 2 = -10. Calculate the remainder when (4/(-10))/(6/(-90)) is divided by u.
0
Let t(g) = 4*g - 4. Let o be t(-5). Let z = o + 41. What is the remainder when z is divided by 9?
8
Calculate the remainder when (-2680)/(-22) + (1 - (-36)/(-44)) is divided by 21.
17
Let v be -1*1 + 2/2. Suppose 5*n + 3*l - 29 = v, 0*l + 32 = 5*n + 4*l. Suppose -24 = -n*j + j. What is the remainder when j is divided by 5?
3
Let u(c) = c + 37. Suppose -5*s = -s. What is the remainder when u(s) is divided by -4*(-9)/3 - -1?
11
Let v(h) = h**3 + 15*h**2 - 18*h + 2. Calculate the remainder when 131 is divided by v(-16).
29
Suppose 8 = 3*s - 7. Suppose -4*o + b = -8, 2*o + 3*b - 4 = 4*b. Suppose -j - s = -4*l, -20 = -j - j + o*l. What is the remainder when j is divided by 6?
3
Let j(o) = -o**3 + 6*o**2 + o + 1. Let a be (-1)/(-2)*-2*12. Calculate the remainder when j(6) is divided by ((-15)/a - 2)*-4.
1
Suppose 2*v + 2 - 6 = z, 0 = -z - 5*v - 4. Let w = 12 + z. What is the remainder when 14 is divided by w?
6
Suppose 54 = 3*w - 39. Calculate the remainder when w is divided by 17.
14
Let l be (3 - 0 - -37)/1. Let y = 59 - l. What is the remainder when y is divided by 10?
9
Let g(x) = -x**3 + 3*x**2 + 2*x - 3. Let p be g(3). Suppose -196 = -p*n + 4*u - 2*u, 3*u - 58 = -n. Calculate the remainder when n is divided by 22.
20
Suppose -26*f + 29*f = 105. What is the remainder when f is divided by 13?
9
What is the remainder when (48 - 0) + 2 + -1 is divided by 25?
24
Suppose -7*p + 1137 = -487. Calculate the remainder when p is divided by 39.
37
Suppose 15*i = 8*i + 406. Calculate the remainder when i is divided by 30.
28
Let u be ((-1200)/4)/(-4) - 3. Suppose 0 = 5*s - 2*s - u. What is the remainder when 70 is divided by s?
22
Let q(s) = 4*s + 1. Suppose -2*b = 3*i - 2*i, -5*b + 1 = 3*i. Let h = -302 - -307. What is the remainder when q(i) is divided by h?
4
Let d = 18 + -16. Calculate the remainder when 11 is divided by (d - (0 + 1)) + 5.
5
Let o = 18 - 6. Calculate the remainder when o is divided by 5.
2
Let z(t) = -12*t - 5. Let o be z(-5). Suppose -3 = -s - b, 3*b - 9 = -0*s - s. Suppose -3*w + 8*w - o = s. What is the remainder when 32 is divided by w?
10
Let p(m) = m**2 + 5*m. Let t be p(-5). Suppose 4 = 2*d - t. Suppose -3*i + 1 = -2. What is the remainder when d is divided by i?
0
Let g = -7 - -10. What is the remainder when g is divided by 2?
1
Suppose 8*j = 63 + 97. Calculate the remainder when 72 is divided by j.
12
Let k(d) = d**2 - d + 1. Calculate the remainder when k(-7) is divided by 12.
9
Let l(p) = 3*p**2 + 2*p**2 + 0*p - 2*p - 4*p**2. Let x be l(2). Suppose o - 1 = -x. What is the remainder when 1 is divided by o?
0
Let a(r) = 217*r**2 + 2*r - 1. Let l be a(1). Let h 